2, 3
Suppose 330 = -4*u + 10*u. List the prime factors of u.
5, 11
List the prime factors of 541/11 - 14/77.
7
Let h(a) = -a**2 - 7*a - 2. Let q be h(-6). Suppose -q*f + 7 = -17. What are the prime factors of f?
2, 3
Let b(k) be the second derivative of k**4/12 + k**3/2 - k**2 + 6*k. What are the prime factors of b(-6)?
2
Suppose 0 = -0*r + 4*r - 4. Let i = 20 - r. What are the prime factors of i?
19
Let x be (-15)/25 - (-28)/5. Suppose y - x*y = 2*b - 32, -4*y - b = -30. List the prime factors of y.
7
What are the prime factors of (12/(-24))/(1/(-36))?
2, 3
What are the prime factors of (69/(-2))/(18/(-24))?
2, 23
List the prime factors of (-152)/6*(-7 + 24/6).
2, 19
Let x = -31 + 108. Let g = 109 - x. Suppose -5*r + r + g = 0. List the prime factors of r.
2
Suppose 0 = -q + 4*q - 3*l - 51, q - 5 = -3*l. What are the prime factors of q?
2, 7
Let h(u) = 14 + 4*u**2 + 8*u - 6*u + 6*u. Let v(w) = w**2 + 1. Let i(s) = h(s) - 3*v(s). List the prime factors of i(-8).
11
Let z be 8/(-10) - (-4)/(-20). Let a = 2 - z. List the prime factors of (-9)/(a*2/(-8)).
2, 3
Let b(u) = -u + 2. Suppose 0 = 5*n + 2*a + 18, -39 + 15 = 5*n - 4*a. Let t be 65/(-9) - n/18. List the prime factors of b(t).
3
Suppose s + 2*s - 12 = 0. Suppose 3*g - s*v + 3 = 52, 0 = -g + 5*v + 9. Suppose -w + 3*j + g = -0*w, 5*w - 30 = 2*j. What are the prime factors of w?
2
Let h be (30/(-25))/((-2)/5). Suppose h*r = -1 + 10. List the prime factors of r.
3
Suppose 92 = f + 2*f + 4*d, 0 = 2*f + d - 53. List the prime factors of f.
2, 3
Let c = -20 + 22. Suppose 0 = -4*a - 8, a = -w - a. Suppose -14 = -c*k + w. List the prime factors of k.
3
Let l(y) = -y**2 + 9*y + 8. Let r be l(10). What are the prime factors of ((-6)/4)/(r/4)?
3
Suppose 2*i = 4*i - 10. Suppose -i*d + 44 = -4*o, d = o + 2 + 6. What are the prime factors of d?
2, 3
Let v(k) = 7*k**3 + 1. Let m be v(1). Suppose -4 - m = -3*h. Suppose -t - t + h = 0. List the prime factors of t.
2
Suppose 0 = -r + 2*m - 2 + 3, -4*r = -m - 25. What are the prime factors of r?
7
Suppose 304 + 348 = -2*h. Let x = -179 - h. What are the prime factors of x/9 - 2/(-3)?
17
Let k(f) = -f**2 + 1. Let z be k(-1). Let v = z - -4. What are the prime factors of v?
2
Let j = 134 + -60. List the prime factors of j.
2, 37
Let d = -43 - -81. List the prime factors of d.
2, 19
Let m(z) = -z + 8. Let n be m(6). Suppose 5*a + n*b + 68 = 0, 2*b + 1 + 7 = 0. List the prime factors of (a/7)/(7/(-49)).
2, 3
Let u be ((-2)/3)/(2/(-33)). Suppose 0 = -4*o + 4, -3*z - 2*o = 3*o - u. What are the prime factors of 1 - (z - 2) - -5?
2, 3
Suppose k + k = 170. Let m = -45 + k. Let s = m - 18. List the prime factors of s.
2, 11
Let t(f) = -f + 1. Let m be t(0). Suppose -a = -14 - m. What are the prime factors of a?
3, 5
Suppose -2*u = j - 28, 3*j + u - 2*u - 70 = 0. List the prime factors of j.
2, 3
What are the prime factors of 224/3 - (-6)/18?
3, 5
What are the prime factors of (24/(-40))/((-1)/135)?
3
Let u = -3 + 6. Suppose w = u + 1. List the prime factors of 32/(-6)*(-6)/w.
2
Let j(y) = -2*y**2 - 2. Let u be j(-3). List the prime factors of (-18)/5*u/6.
2, 3
Let z(f) = 2*f**2 - 23. List the prime factors of z(5).
3
Suppose -9*x = -4*x + 110. List the prime factors of (-8)/44 - 400/x.
2, 3
Let a = 92 + -42. List the prime factors of a.
2, 5
Let p be -20 + 3 + (-5 - -3). Let d = -10 - p. List the prime factors of d.
3
Let g(s) be the second derivative of -s**6/120 - s**4/12 + s. Let m(f) be the third derivative of g(f). List the prime factors of m(-1).
2, 3
Let d be (-4)/5*5/(-2). Let a = 1 + -1. Suppose -4*j + 57 = 5*m, a*j + j + 15 = d*m. List the prime factors of m.
3
Let s(f) = f**3 + 3*f**2 - 5*f - 1. Let w = 10 + 15. Suppose -2*o = -r - 0*o + 6, -5*o = w. What are the prime factors of s(r)?
3
Suppose -4*z + 4*x = z + 32, 5*x = -4*z - 1. List the prime factors of -3 + 58 + -3 + z.
2, 3
Suppose -28 = -0*a - 4*a. Let l(w) = -8*w + 4. Let p be l(-3). Let r = p - a. List the prime factors of r.
3, 7
Suppose 5*j + 9 = p - 14, 5*p = 5*j + 35. List the prime factors of -3 - p/(-2)*4.
3
Let o = -308 - -531. Suppose 0 = -f + i + 4*i - 49, -5*f + 3*i = o. List the prime factors of f/(-7) + 8/(-28).
2, 3
Let c(d) = -d**3 + 15*d**2 - 24*d - 16. What are the prime factors of c(11)?
2, 3, 17
Let f = 332 - 605. List the prime factors of 2/11 - f/11.
5
Suppose -4 = 2*f, 3*f = 4*p - 24 - 70. List the prime factors of p.
2, 11
Let k(q) = -14*q**3 - q**2. Let h = 0 + 4. Suppose -5*p - 2 = g + h, -4*p = 4. What are the prime factors of k(g)?
13
Suppose 2*x - 302 = -14. What are the prime factors of x?
2, 3
Let i be (-4)/12 - 1/(-3). Let s(u) = u**2 + 19. What are the prime factors of s(i)?
19
Let a(x) = -2*x. Let l be a(-3). Let d(j) = -j**3 + 6*j**2 + 8. What are the prime factors of d(l)?
2
Suppose -5*r + t + 208 = 74, 0 = 2*t + 8. Let w = r + -16. Suppose 3*v = 5*v + 4*c - 8, 3*c = -2*v + w. What are the prime factors of v?
2
List the prime factors of 80/30*54/4.
2, 3
Let n be -1 - (-2)/((-3)/(-3)). Suppose -n = d + 1. List the prime factors of 2 + 2 + 9 + d.
11
Let v(b) = 67*b**3 + b**2 + b - 1. What are the prime factors of v(1)?
2, 17
Suppose 0 = 4*g - 5*a - 74, 15 = -3*g - 5*a + 53. What are the prime factors of g?
2
Suppose -4*g - 4*h = -40 + 12, g - 2*h = -2. Let m(s) = s**3 + 4 + 2*s - s**3 + 4*s**2 - s**3. List the prime factors of m(g).
2, 3
List the prime factors of (-6)/(4 + -6)*8.
2, 3
Suppose -10 - 20 = -3*a. Let h(k) = k**3 - 10*k**2 + 2*k - 7. What are the prime factors of h(a)?
13
Let n(m) = 3 + 9*m + 18*m + 8*m**2 + m**3 - 20*m. List the prime factors of n(-6).
3, 11
Let a(l) = -l**2 + 8*l - 2. Let n be a(7). Suppose q + 24 = n*q. Suppose -3*j = q, 2*v - 28 = 4*j - 6. What are the prime factors of v?
7
Let j = 13 - -22. What are the prime factors of j?
5, 7
Suppose 5*s - 62 = g, -3*g + g = -s + 7. What are the prime factors of s?
13
Suppose 4*b - 30 = 3*u - 8, -2*u = 4. Suppose -2*s - 61 = -5*w, 3*w - 33 = 5*s - b. What are the prime factors of w?
13
Let r = 0 - 3. Let i be 5 + 0 - (4 + r). Suppose 5*x + 2*b - 42 = i*b, -b + 4 = 0. What are the prime factors of x?
2, 5
Suppose 3*b + 68 - 2 = 3*y, 4*y - 74 = -3*b. Let q = 14 - y. What are the prime factors of 12*(16/q)/(-4)?
2
Let k(q) = 2*q**3 - 3*q**2 - 2*q. Let f be k(3). List the prime factors of 2/4 - f/(-2).
11
Let p(b) = 7*b - 3. What are the prime factors of p(10)?
67
Let h(c) = 2*c**2 + 10*c - 13. Let m be h(-9). Let k = -15 + m. What are the prime factors of k?
2, 11
Let r(n) = -n + 12. Suppose -2*b = -6*b. Suppose 3*f + b*f - 27 = 0. List the prime factors of r(f).
3
Let m be (-2 + 6/4)*0. Suppose -9*v + 10*v - 14 = m. What are the prime factors of v?
2, 7
Let c(t) = -8*t - 1. Let g be c(2). Let z = 34 + g. What are the prime factors of z?
17
What are the prime factors of 221 + -1 + 2 - (7 + -5)?
2, 5, 11
Let m = 0 + 3. Suppose -3*q = -q + 10, -m*y = -3*q - 21. Suppose -5*g + 3*k = -2*k - 60, 0 = -y*g - k + 15. List the prime factors of g.
3
Suppose -5 = -p - 3. Let l be (1 - p)*0 + -23. Let n = -14 - l. List the prime factors of n.
3
Let d(w) = -2 + 1 + 0 + 16*w**2 + w. List the prime factors of d(1).
2
Let z be (-455)/(-143) + 2/(-11). List the prime factors of 8/z*(-3)/(-2).
2
Let n(q) = 2*q - 7. Let f be n(7). Let u = -5 + f. Suppose 0 = b - u, g + 4*b = 2*g + 4. List the prime factors of g.
2
Let h = -32 - -72. Suppose -4*n - 3*o = -83, 3*o - h = 5*n - 164. What are the prime factors of n?
23
Suppose 0*k - 100 = 4*k. Let m(w) = -3*w - 11. Let x be m(-4). List the prime factors of (x - k)*(-3)/(-6).
13
Suppose 4*z = 62 + 78. List the prime factors of z.
5, 7
List the prime factors of 3/((-21)/12 - -2).
2, 3
Let c(q) = -4 - 2*q - 3*q + 7*q. Let a be c(6). Let b = a + 2. What are the prime factors of b?
2, 5
Let m = -10 - -4. Let j(b) = -7*b**2 - 4*b**3 + 8 + 3*b**3 + 7*b + 2*b**2. What are the prime factors of j(m)?
2
Let t = -13 + 19. Suppose -2*f + 8 = 3*v, -2*v + 6 = 3*f - t. List the prime factors of f.
2
Let r = 127 + -207. List the prime factors of (4/10)/((-2)/r).
2
Suppose -54 - 9 = -3*t. What are the prime factors of t?
3, 7
Let r be 8/(-6)*(-30)/4. Let g = r + -2. Suppose -4*t = -2*t - g. What are the prime factors of t?
2
Suppose 4*j + 2*w - 120 = 0, -2*w - 2*w = 2*j - 48. Let x = -16